. Let b(l) = l**3 + 3*l**2 - 12*l - 4. Let y be b(-5). Calculate a(y).
-11
Suppose -3*x + 2*h - 6 = 8, 28 = -5*x + h. Let o(n) be the third derivative of n**4/24 + 5*n**3/6 + 15*n**2 - 2. Determine o(x).
-1
Suppose 3*d - d = -3*k - 4, -5*k - 28 = -2*d. Let w(y) = -y**3 + 2*y**3 - 10*y**2 + 14*y**2 + 4. Give w(k).
4
Let h(v) = 3*v**2 + 7*v + 6. Let s be h(-1). Let c(g) be the first derivative of -1/2*g**s + 0*g + 2 + 4/3*g**3. Calculate c(1).
3
Suppose -5*c + 233 = 213. Let j(i) be the first derivative of 0*i**2 + 1/4*i**c + 2*i + 4/3*i**3 + 6. Give j(-3).
11
Let g be 11 + ((-8)/12)/((-2)/(-6)). Suppose 0 = 5*o - 16 - g, -2*x - 2*o + 2 = 0. Let z(w) = 2*w + 4. Determine z(x).
-4
Let i(b) be the third derivative of 2*b**5/15 + 31*b**2. Let u = 6 + -3. Suppose 3*c + u*r + 3 = 0, 4*c + 3 = c + 3*r. Determine i(c).
8
Let r(w) be the first derivative of -1/3*w**3 - 3/2*w**2 + 7*w + 16. Determine r(-6).
-11
Let g = 28 + -24. Let v = g + -3. Let l(t) = v + 0 + 15*t + 4*t. Give l(-1).
-18
Suppose 0*c - 22 = 2*c. Let t = c - -16. Let f(x) = -3 - 3*x**3 - 7*x**2 - t*x + 1 + 2*x**3. What is f(-6)?
-8
Suppose 0 = -3*l + l. Suppose 0*n - n + 6 = l. Let u(f) be the second derivative of f**3/3 - 3*f**2 - 3*f. What is u(n)?
6
Let a(f) = -4*f**3 + f**2 + f - 1. Let o = 254 + -252. Calculate a(o).
-27
Let u(q) = q**3 - 3*q**2 + 4*q - 2. Let d = 78 + -51. Let l be d/12 + 4/(-16). Determine u(l).
2
Let v(n) = 2*n - 12. Let u(b) be the second derivative of 0 + 5/3*b**4 + 0*b**3 - 1/20*b**5 + 4*b**2 + 7*b. Let l be u(20). Calculate v(l).
4
Let y(k) = -k**2 + 6*k - 7. Let m = 1013 - 1007. What is y(m)?
-7
Let p be 2/(-7) + (-240)/(-105). Let y(f) = 6*f - 4*f**2 + f**2 + p*f**2. Give y(5).
5
Let d(k) be the first derivative of -2*k**2 + 3*k**2 - 2 + k**2 - 3*k. Let g = 16 + -13. Calculate d(g).
9
Let i(b) be the second derivative of 3/2*b**3 + 12*b - 1/12*b**4 + 0 - 5/2*b**2. What is i(6)?
13
Let j = 13 + -11. Suppose j = -4*g + 6. Let f(a) = -3*a - 1. Determine f(g).
-4
Let k(i) = i**3 - 6*i**2 + 2*i - 8. Let a = 168 - 112. Suppose 5*p - a = -2*p. Let t = -2 + p. Calculate k(t).
4
Let l(r) = -9*r**2 + r + 1. Let c(z) = -22*z**2 + 2*z + 2. Suppose 5*x + 16 + 9 = 0. Let n(b) = x*c(b) + 12*l(b). Calculate n(-2).
6
Let i(m) = 4*m + 2. Let v be 122/12 - (-18)/(-108). Let x be (-4)/v*-5 - 4. What is i(x)?
-6
Let p = -23 + 34. Let o(m) = m**2 + 3*m + 2. Let n be o(-3). Let s(x) = -p + n*x - x + 10. What is s(5)?
4
Let d(l) be the first derivative of 1/3*l**3 - 1/4*l**4 - 12 + 0*l**2 - 14*l. Give d(0).
-14
Let b(c) = -c**3 + c**2 + 3. Let z be b(0). Suppose 0*x + 2*x = 5*x. Let t(s) = 0 - 4 + 0 + s + x. What is t(z)?
-1
Let u(z) = 5*z**3 - 20*z**2 + 10*z + 9. Let x(n) = -9*n**3 + 38*n**2 - 20*n - 17. Let m(g) = -7*u(g) - 4*x(g). Determine m(11).
-6
Suppose 9*f = 17*f - 48. Let y(x) = -x**3 + 6*x**2 + 2*x - 10. Calculate y(f).
2
Let r(w) = w**2 - 16*w + 14. Let j(b) = b**2 - 17*b + 17. Let y(d) = -6*j(d) + 7*r(d). Suppose 3*z - 32 = -2. What is y(z)?
-4
Let t(p) = -p**3 + 2 - 541*p + 543*p - 7*p**2 - 10. What is t(-8)?
40
Let i(a) be the first derivative of a**4/4 + a**3/3 + 3*a**2/2 + 5*a + 646. Determine i(-2).
-5
Suppose -40*t = -36*t - 12. Let j(k) = -k + 5. Determine j(t).
2
Let a(y) = 9*y**3 - 32*y**2 + 7*y + 19. Let l(r) = 20*r**3 - 66*r**2 + 14*r + 40. Let v(i) = 13*a(i) - 6*l(i). Calculate v(-7).
7
Let g(m) = m**2 + 6*m - 10. Let u be g(-7). Let j(r) = -r**2 + 13*r + 2. Let b be j(13). Let y(w) = w**2 + 20*w - 12*w + b - 4*w. What is y(u)?
-1
Let o(g) = g**2 + 8*g + 16. Let j(r) = -3*r - 81. Let k be j(-26). Let m be o(k). Let v(c) be the second derivative of 7*c**3/3 - c. Give v(m).
14
Let a(v) = -v**2 - v + 2. Suppose 25 = -5*g, 7*g - 6*g = 5*z - 20. Calculate a(z).
-10
Let s(w) = w + 0*w + 114114 - 114116. What is s(14)?
12
Let x(d) = 40*d - 10 + 5*d - 44*d. Give x(4).
-6
Let u(m) = 3*m. Let r(s) = 3*s + 9. Let d be r(-4). Let w(j) = 2*j. Let l(p) = d*u(p) + 5*w(p). Determine l(4).
4
Suppose 0 = -2*s + 6, 2*s = -3*i + 8*i - 9. Let f(z) = -1 - 9 + z - 1 + 5. What is f(i)?
-3
Suppose -6*g = -1 - 17. Suppose w + 2*n = -g + 5, -4*n = -w + 2. Suppose w*a - 7*a + 20 = 0. Let h(j) = -j - 2. Determine h(a).
-6
Let m(s) = -s**2 - 4*s**2 - s**2 + 7*s**2 + 2*s. Determine m(-2).
0
Let l(f) be the third derivative of 0 + 1/30*f**5 - 1/2*f**3 + 1/12*f**4 - 1/120*f**6 - 14*f**2 + 0*f. What is l(2)?
1
Suppose 46 - 1 = 5*h. Suppose -23 = h*t + 22. Let a(f) = -f**3 - 5*f**2 + f - 1. Determine a(t).
-6
Let w = -14 + 17. Suppose -2*q + 7 - w = 0. Let t(y) = 0 + 0 - 5 + 4 + 2*y - y**q + y**3. Calculate t(1).
1
Suppose 7*w - v = 4*w + 12, 0 = -5*w + 4*v + 13. Let b(d) = d**3 - 3*d**2 - 13*d + 19. Calculate b(w).
4
Let z = 7 - 5. Let o(n) = 0*n + n + 3 - z - n**2 - 2. Suppose 2*s - 8 = 0, -k + 2*s - 8 = 4*k. Determine o(k).
-1
Let i(f) = 6*f + 12. Let s(v) = -5*v - 12. Let d(x) = 6*i(x) + 7*s(x). What is d(6)?
-6
Let h(g) be the second derivative of -g**5/20 + g**2 + 5*g. Let c be h(0). Let k(j) = -c*j - 14*j**2 - 34 + 3*j + 34. Determine k(1).
-13
Let i(r) = -5*r + 7. Suppose -15 + 10 = a. Determine i(a).
32
Let m(o) = o**3 + 8*o**2 + 5*o - 7. Suppose 0 = -12*f - 0*f - 84. What is m(f)?
7
Suppose 139 = -3*x + 169. Let q(k) = k**2 - 11*k - 7. What is q(x)?
-17
Let y = 13 + -5. Suppose 2*x + 1 = 7. Let i(t) = -t + y + t**2 + 4*t - x. What is i(-4)?
9
Let f(q) = -144*q**2 - 2 + 38*q**2 - q + 107*q**2 + 2*q**3. Let z be -1*(0 - -2)*1. What is f(z)?
-12
Let h(o) = 5*o**3 + 9*o**2 - 3*o + 7. Let j(x) = -x**3 - x**2 + x - 1. Let g(a) = -h(a) - 4*j(a). Suppose -78 = -9*z - 123. What is g(z)?
2
Let t(x) = 7*x**2 - 7*x + 3. Let c(h) = 4*h**2 - 4*h + 2. Let a(z) = 5*c(z) - 3*t(z). Let w(y) = -2*y**2 + 2*y + 3. Let n(f) = 3*a(f) - w(f). Determine n(-1).
-2
Let p(r) = -2*r**2 - 3*r + 2. Let k be 174/10 + 12/20. Suppose -8 = h - 3*b, k = 3*h - 4*b + 47. Let v = 13 + h. Determine p(v).
-12
Let q(o) = -6*o + 2*o + 2*o + 2*o**2 + 4*o. Let r(m) = m**2 - m + 1. Let u(k) = -q(k) + 3*r(k). Determine u(2).
-3
Let h = -1 - -5. Let m(l) be the third derivative of -l**5/30 + 5*l**4/24 + l**3/3 + 3*l**2 - 8*l. Give m(h).
-10
Let r(q) = -9*q + 11. Let b(h) = -16*h + 20. Let n(w) = 6*b(w) - 11*r(w). Determine n(-8).
-25
Let j(i) = -i**2 + 4*i + 2. Let m(q) = 3 + 50*q**3 + 14*q + 1 - 49*q**3 - 9*q**2. Let h be m(7). Determine j(h).
2
Let n(q) = -5*q - 1 - 10*q + 0. Let m be n(-1). Let p(v) = v - 2*v - m + 19. What is p(7)?
-2
Let u(f) = -f**3 + 7*f - 2*f - 2*f + 2*f**2. Give u(3).
0
Suppose y + 36 = -79. Let q = 103 + y. Let h(b) = b + 19. Calculate h(q).
7
Let s = 30 - 30. Let u = -1 + s. Let v(g) = -10*g. Give v(u).
10
Suppose -103 = -4*d - 5*k, -k + 17 = d - 8. Let l(t) = -131 + d*t**2 + 64 + 66. Calculate l(-1).
21
Suppose -5 + 0 = 5*u. Let x be 12/(-30) - ((-24)/(-5))/(-2). Let y(t) = x - 2*t**3 - 3 + 4 - 4 + t**2. Determine y(u).
2
Suppose 5*q + 10 = -0*r - 2*r, -r = -2*q - 4. Suppose -2*t - 6 = 2*c, c = -r*c - 4*t + 3. Let w(p) = -p**2 - 3*p + 3. Calculate w(c).
-7
Let m(l) = l + 4. Let z = -166 - -177. Suppose 5*s + 61 = -3*i, -4*s - 4*i - 50 = -i. Let d = z + s. Determine m(d).
4
Let j = 4 - 8. Let r(f) be the second derivative of -f**5/20 - f**4/4 + 2*f**3/3 - f**2 - 154*f - 2. What is r(j)?
-2
Let i(a) = 2*a - 6. Let o(r) = 6*r - 18. Let h(n) = -8*i(n) + 3*o(n). Let s(j) = 3*j - 6. Suppose 5*c = 5 + 15. Let k(d) = c*h(d) - 3*s(d). Give k(-6).
0
Let n(p) = -11*p - 8. Let j(l) = 29*l + 24. Let t(s) = 3*j(s) + 8*n(s). Determine t(0).
8
Let b(u) = 4*u**3 - 6*u**2 + 4*u - 2. Let m(k) = 5*k**3 - 6*k**2 + 3*k - 2. Let z(c) = -4*b(c) + 3*m(c). Let j = 8 - 3. Give z(j).
-8
Let b(l) be the third derivative of -l**6/60 - l**5/30 - 2*l**3/3 + 146*l**2. Determine b(-2).
4
Let n(f) = -f**3 + 5*f**2 - 4*f + 3. Let b(l) = l + 3. Let m(v) = 3. Let w(r) = 3*b(r) - 2*m(r). Let t be w(0). Determine n(t).
9
Suppose -4*r + 5*f = -14 - 36, 3*r = 2*f + 34. Let m(d) = -d**2 + 12*d - 15. What is m(r)?
5
Let w(h) = 14*h + 16. Let z(v) = 21*v + 23. Let a(t) = 7*w(t) - 5*z(t). Give a(-3).
18
Let d(n) = n**3 + 7*n**2 - 10*n - 9. Let q be d(-8). Let k(u) = 2*u**3 + 9 + 8*u**2 + u**3 - 9*u + 3*u**3 - q*u**3. Calculate k(7).
-5
Let z = 41 - 39. Let p(s) = -z*s**3 - 113 + 3*s**2 + 107 + 3*s**3 - 6*s. Determine p(-4).
2
Let b(v) = -